a = 5*q - 14346, -5*q + 2*a - 14342 = -10*q. What is the tens digit of q?
7
Let w(p) = -5*p**3 + p**2 - 2*p + 3. Let v(t) = t**3 - t**2 + t - 1. Let b(h) = -2*v(h) - w(h). Suppose 2*o - 4 = -2*o. What is the units digit of b(o)?
3
Suppose -3*j + 441 = 3*k, -k - 2*j - 135 = -2*k. What is the hundreds digit of k?
1
Let d(z) = 7*z + 0*z**3 + 4 - 4*z - 5*z**2 + 2*z**3. What is the units digit of d(3)?
2
Suppose -34*i = 3153 - 16651. What is the tens digit of i?
9
Let y(i) = 223*i - 71. What is the units digit of y(7)?
0
Suppose -l - 2 = -5. Suppose l*i = 2*s - 3*s - 9, -s = -3*i + 21. What is the units digit of (-2)/(33/s + 2)?
0
Let o(x) = -2*x + 6. Let r be o(2). Let i be 7 - 3 - (-2 + r). Suppose -i*l = -4*t + 56, -t + 6*l = 2*l - 20. What is the tens digit of t?
1
Let m be 1*(5 - 3/1). Let o be (1*-71)/(m/4). What is the tens digit of o/(-7) + (-4)/14?
2
Let g = -101 + 56. Let f = g - -25. What is the units digit of (-16)/f*(-10)/(-2)?
4
Let z = 3612 - 1429. What is the hundreds digit of z?
1
Suppose 4*c - 960 - 468 = 0. What is the hundreds digit of c?
3
Let v(o) = 10 + 6*o + 1 - 8*o**2 - 17*o**3 + 16*o**3. What is the tens digit of v(-9)?
3
Let z be 6/51 - (-5810)/34. What is the units digit of 4428/z - 4/(-38)?
6
Let a = -379 + 589. Suppose -2*p + a = -s, p - 2*s = 2*s + 112. What is the hundreds digit of p?
1
Suppose -13*q + 42527 = 30*q. What is the hundreds digit of q?
9
Suppose 8*g - 3*g = -10, -5*r + 14480 = -5*g. What is the thousands digit of r?
2
Suppose 2*l + 80 = -5*r, l - 2*l - 4*r - 46 = 0. Let w = 32 + l. What is the units digit of w?
2
Suppose 0 = 4*h - 2*a - 10, -3*a + 2 + 1 = 0. Suppose r - 3*r - 5*w - 253 = 0, -2*r + w = 247. What is the units digit of h + 4/((-16)/r)?
4
What is the tens digit of (-25010)/(-8) + (-136)/544?
2
Suppose 4*x - 8 = 2*x. Let a(f) = 3*f**2 - 7*f - 1. What is the tens digit of a(x)?
1
Let s = -15 + -3. What is the tens digit of -178*3/s*3?
8
Let u = 325 + -147. What is the units digit of u?
8
Let o(j) = j + 8. Let s be o(-6). Suppose 4*c - 2*c + 4*k = 4, -3*c + s = 5*k. Let m(d) = -d**3 - 5*d**2 + d - 1. What is the tens digit of m(c)?
2
Suppose -5*i + 23 = -l, -i - 5*l = 3*i - 1. Suppose 5*x = 2*p - 6, 0*x - 12 = -4*p + i*x. What is the units digit of p?
3
Let w(u) = u**3 - 5*u**2 - 7*u + 4. Let c be w(6). Let b = 6 + c. Suppose -y + 2 + 6 = b*z, -5*z - 20 = 0. What is the tens digit of y?
2
Suppose 2*l - 10 = -6*n + 3*n, 4*l = -3*n + 14. Suppose -4 = n*c - 328. What is the tens digit of c?
6
Let j be (3 + 135/(-25))*5/(-2). Suppose d - j*d = -2*r - 1198, -476 = -2*d + 4*r. What is the tens digit of d?
4
Let z = -352 + 1235. What is the units digit of z?
3
Suppose 0 = l - 4 - 0, 3*l = -5*q + 27. Suppose 0 = -5*s + q*s + z + 157, 5*z + 329 = 4*s. What is the tens digit of s?
7
Let g = 2 + 4. Let v(n) = 16*n - 1 + 7*n**2 - 6 - n**3 - 17*n. What is the units digit of v(g)?
3
Suppose 3*z - 88 = -5*f, 19 = -z - 3*f + 51. What is the units digit of z?
6
Suppose 13*z - 7800 = -5*q + 17*z, 0 = 3*q - z - 4680. What is the thousands digit of q?
1
Let z(p) = 75*p**2 - 111*p + 13. What is the tens digit of z(6)?
4
Suppose 0 = 4*n + w - 165, 0*w = -4*n - 2*w + 162. Suppose -k = k - n. What is the tens digit of k?
2
Let r(a) = a. Let b(q) = 21*q - 21. Let m(p) = b(p) + 4*r(p). What is the hundreds digit of m(10)?
2
What is the units digit of 18/(-117) - 93890/(-26)?
1
Let v(d) = -8*d - 24. Let k be v(-23). Let j = -43 + k. What is the units digit of j?
7
Let p(c) be the first derivative of -3*c**4/4 - 3*c**3 + c - 10. What is the tens digit of p(-4)?
4
Let t(r) = 4*r - 11. Let i be t(5). Let j(v) = 2*v**2 - 7*v + 15. Let s be j(i). Suppose 12*d - s = 9*d. What is the units digit of d?
8
Let a(d) = -d - 5. Let q be a(-8). Let v(n) = -45 + 11*n + 45. What is the tens digit of v(q)?
3
Suppose -2*w = k + w - 15, -w + 5 = -2*k. Let v = k - 2. What is the units digit of -1*56/v - 1?
7
Let n(p) = 128*p**3 + 5*p**2 + 4*p - 1. Let i(h) = -255*h**3 - 9*h**2 - 7*h + 2. Let m(s) = -3*i(s) - 5*n(s). What is the tens digit of m(1)?
2
Let h = -4707 - -6619. What is the thousands digit of h?
1
Let y(a) be the third derivative of -a**4/8 + 5*a**3/2 - 3*a**2. What is the tens digit of y(-22)?
8
Let g(t) = 941*t**2 - 20*t - 32. What is the thousands digit of g(-2)?
3
Let n(d) = 3*d**2 + 2*d + 1. Let j be n(-1). Suppose j*s - 22 = 58. What is the units digit of s?
0
Let k(w) = 3*w - 48. Let d be k(17). What is the units digit of ((-18)/d)/(-4*4/200)?
5
Let x be (-2)/(-8) + (135/20 - 1). Let o(j) = -j**3 + 9*j**2 - 15*j + 8. What is the units digit of o(x)?
6
Suppose j - 5*x - 4 = -3*x, 5*x + 10 = -j. Suppose j = -5*q + 3*g + 4, -2*q + 3*g = q - 6. What is the units digit of (-33)/q + (5 - 2)?
6
Let o(f) = 9*f**2 - 3*f + 11. What is the units digit of o(6)?
7
Suppose 4*b = -b + 140. Suppose -z = -3*z + b. Suppose 0 = 3*x - 4 - z. What is the units digit of x?
6
Let l(u) = 38 + u - 1 + 0. What is the tens digit of l(0)?
3
Let z be (11 - 30) + -1*1. Let i = z + 20. Suppose i = 4*c - 7*c + 87. What is the tens digit of c?
2
Suppose 642 + 818 = 4*k - 4*w, -2*k + 727 = -3*w. What is the tens digit of k?
6
Let f = 2487 + -1313. What is the tens digit of f?
7
Let w(r) = -r**3 - 17*r**2 - 15*r + 21. Let c be w(-16). Suppose 4*n - c*m = 234, -2*m + 2 = -2. What is the units digit of n?
1
Let u(y) = -4*y**3 + 3*y**2 - 2*y - 1. Let s(j) = -j**3 - j**2 - j - 1. Let o(m) = 3*s(m) + u(m). What is the tens digit of o(-2)?
6
Suppose -3*b - 5*p + 2579 = 0, 3*b - 5*b = -5*p - 1736. What is the hundreds digit of b?
8
Suppose 0 = b + y - 246, -4*b - 5*y = -7*b + 730. What is the hundreds digit of b?
2
Let c(m) = -m + 10. Suppose -11*z + 38 = -9*z. Suppose z = 3*b + 4. What is the units digit of c(b)?
5
Let i(n) = -3*n - 6. Let h be i(-4). Let y(t) = -68*t**3 + t**2 + t. Let x be y(-1). Suppose 2*w + x = h*w. What is the units digit of w?
7
What is the units digit of -6*(-2)/5*330/132?
6
Let h be 1/(-12)*2 - 37/(-6). Let s be 0 + (-32)/((-2)/1). Suppose r - s = h. What is the units digit of r?
2
Let j be 5 - 2 - (-1 + 3). Let k = -7 + j. Let t = -2 - k. What is the units digit of t?
4
Suppose -11*k = -6 - 38. Suppose 0*w = 4*y + w - 13, 5 = 2*y - w. Suppose 13 = k*v - y*v + 2*q, 20 = -5*q. What is the units digit of v?
1
Suppose -3 - 3 = -3*n, -5*f - 4*n + 23 = 0. Suppose 87 + 51 = f*q. What is the tens digit of q?
4
Let q = -70 + 43. Let f be (-28)/126 + (-2)/36*-706. Let a = q + f. What is the units digit of a?
2
Let m be (56/168)/((-10)/12 + 1). Suppose -1335 = -5*k + 4*z + z, z + 532 = m*k. What is the units digit of k?
5
Suppose 2 + 4 = 3*f. Let k(t) = t + 38. Let z be k(4). Suppose -z = -2*v + 5*n, f*v - v + 5*n = -9. What is the tens digit of v?
1
Let r be 8/(-4) - 2/2. Suppose -5*k + 30 + 251 = 4*i, 4*k = 2*i - 108. What is the units digit of r/(-15) - i/(-5)?
3
Suppose 3*u - 4*u + 71 = 0. Suppose -2*h = -2*g - h + 75, 2*g - u = 5*h. Suppose 2*w = -4, 72 = 5*i + 5*w - g. What is the units digit of i?
4
Let v(a) = -a**3 - 9*a**2 + a + 5. Let h be v(-9). What is the units digit of (h/(-8))/(3/(3 + 327))?
5
Suppose 0 = -4*d + d + 3. What is the units digit of -11 - -9 - -17*d?
5
Suppose -12*l = 4775 - 16823. What is the hundreds digit of l?
0
Let z = 312 - -122. What is the tens digit of z?
3
Suppose -536*x + 24840 = -516*x. What is the thousands digit of x?
1
Let i(q) = 2*q - 1. Let p be i(4). Let s(f) = -15 + 5 + 0*f + 2*f. What is the units digit of s(p)?
4
Suppose -88*f - 1983 = -3*o - 90*f, -1322 = -2*o - 4*f. What is the units digit of o?
1
Let n(r) = 149*r - 11. Let j be n(2). Suppose j = 3*p - 2*s, -4*p + 2*s - 93 = -5*p. What is the tens digit of p?
9
Let y(j) = 3*j + 36. What is the units digit of y(9)?
3
Let l(g) = -g**2 + 8*g - 1. Let m be l(4). What is the tens digit of (-1694)/(-35) - 6/m?
4
Suppose 102 = 3*d + 2*v, -7*v = -3*d - 3*v + 84. Suppose 2*g - d + 130 = 2*i, -2*g - 230 = -5*i. What is the tens digit of i?
4
Let d(j) = j**3 + 11*j**2 + 9*j + 14. Let c be d(-6). Suppose q = c - 50. What is the units digit of q?
0
Let t(b) = 4*b**2 - 8*b + 7. Let s be t(-8). Let h = s + -101. What is the hundreds digit of h?
2
Let k be 34/187 + (-158)/22. What is the units digit of (-6 + -1)/(k/70)?
0
Let a be ((-2 - -2) + 65)/(-2 + 3). L